- 15 = -32*m. Let w(s) = s**2 + 5*s + 4. Give w(m).
0
Suppose -489*h = -524*h - 70. Let y(i) = 7*i + 8. Determine y(h).
-6
Let i(s) = 25*s + 21*s + 22*s - 71*s. Give i(2).
-6
Let g(o) be the third derivative of -o**4/8 - 3*o**3/2 - 239*o**2. Give g(5).
-24
Let x(j) = 6*j**2 - j - 8. Let u(v) = 14*v**2 - 3*v - 17. Let t(b) = -2*u(b) + 5*x(b). Determine t(-3).
9
Let v(w) = -w**3 - 10*w**2 + 11*w + 6. Suppose 12*t - 14*t = 22. Give v(t).
6
Suppose 2*k = -10 + 20. Let w(x) be the second derivative of x**4/12 - 7*x**3/6 + 2*x**2 - 3*x. What is w(k)?
-6
Let g(b) = -11*b**3 - 22*b**2 - 6*b - 3. Let c(a) = 2*a**3 + 3*a**2. Let x(h) = -7*c(h) - g(h). What is x(-2)?
19
Let x(d) = -d - d**3 + 4*d - 7*d - 3*d + 3 - 10*d**2. What is x(-9)?
-15
Let f(j) = -9*j**3 - 9 + 2*j**3 - 2*j**3 + 8*j**3 + 0*j - 2*j. Determine f(0).
-9
Suppose o = -3*u + 3*o + 14, -o = 4*u - 26. Let f be (-3)/(-1 - 10/(-4)). Let y = f + u. Let t(c) = -c**3 + 5*c**2 - 7*c + 6. Determine t(y).
-6
Let j(x) = -17*x - 16. Let k(o) = 4*o + 2. Let n(y) = j(y) + 4*k(y). Determine n(-5).
-3
Let a(g) = -g**2 - 6*g + 1. Suppose -3*u + 0*u = -30. Suppose -5*w = -u - 115. Suppose 0 = -b - 2*l + 6, 0 = -2*l - 3*l + w. What is a(b)?
9
Let r(g) = -3 - 1 + 6*g**2 - 5*g**2 - 2*g**2 + 6*g. Let j(y) = y**3 - 17*y**2 + 14*y + 38. Let v be j(16). What is r(v)?
-4
Suppose 0*k - 15 = 3*k. Let z(v) be the second derivative of v**3/6 - 5*v**2/2 + 5*v. Determine z(k).
-10
Let y(b) = b**2 + 2*b - 3. Let j be y(4). Suppose g = 2*q + j, -5 = -g - 3*q + q. Let t(r) = r - r**2 + g - 2*r - 5 - 4*r. Calculate t(-7).
-6
Let n(i) be the first derivative of -i**4/4 + 2*i**3/3 + 3*i**2 + i + 396. What is n(4)?
-7
Let j(v) = 4*v. Let z = -19 - -20. Let g be (0 + z - -5) + -2. What is j(g)?
16
Let v(i) = -i**2 + 10*i - 6. Let m(o) = 6*o + 87. Let s be m(-13). What is v(s)?
3
Suppose -8 = -10*p + 32. Let b(j) be the first derivative of p + 7/2*j**2 + 0*j. Calculate b(-1).
-7
Let c(t) = -7*t + 1. Let m = -385 - -379. Calculate c(m).
43
Let h(u) = u + 10. Let f be h(5). Let s be ((-72)/f)/4*(-10)/(-3). Let v(a) = -7*a + 1. Determine v(s).
29
Suppose 19*u - 22*u + 87 = 0. Suppose -u*n + 9 = -28*n. Let h(z) = -z + 22. Calculate h(n).
13
Suppose 5 = 2*i + 2*d + 1, 5*i - 2*d = -18. Let z be (-3)/(-4 + i)*4. Let s(a) = 5*a - 6*a + 2 - z. Determine s(2).
-2
Suppose 2*z - z = d - 6, -4*z + 3*d - 25 = 0. Let f(m) = 2*m**2 + 8*m - 8. Determine f(z).
34
Let t(u) = u**3 - 3*u**2 - u - 1. Suppose -5*q + 3*q + 20 = 0. Let f = 15 - q. Suppose f = 2*r + 1. Calculate t(r).
-7
Let u(f) be the third derivative of -f**4/12 + 63*f**2. What is u(-6)?
12
Suppose 3*w = 5*w - 8. Let b(o) = -4*o**2 - 8*o + w - 3*o**2 - 8*o + 3*o. Let f(l) = -4*l**2 - 7*l + 2. Let c(v) = -3*b(v) + 5*f(v). Calculate c(-5).
3
Let p(f) = -f**2 + 7*f + 13. Suppose -3*u + 5*r = 5 - 9, r = 2*u - 12. What is p(u)?
5
Let w be -2 - (-13 - -1) - -2. Suppose w + 0 = 5*y - g, 2 = 4*y + 3*g. Let n = y + 4. Let b(i) = i - 6. Calculate b(n).
0
Suppose j + 12 = 4*j. Let z(m) be the second derivative of -m**4/12 + 7*m**3/6 - 5*m**2/2 + 2*m - 538. Give z(j).
7
Let g(f) = -f + 1. Let t(j) = -j**3 + 8*j**2 + 11*j - 21. Let x be t(9). Determine g(x).
4
Let a(c) = 4*c + 4. Let z(y) = 9*y + 8. Let u(q) = -14*a(q) + 6*z(q). Let h be 3/27*-56 + (-8)/(-36). Give u(h).
4
Let l(s) = 6*s - 15. Let j be l(4). Let h = -13 + j. Let g(a) = -a**2 + a + 1. Let v(q) = 4*q**2 + 5*q + 4. Let m(n) = 2*g(n) + v(n). Calculate m(h).
10
Let x(q) = 18*q**3 + 2*q - 1. Suppose 117 = 10*j - 43. Suppose -4*b - 4*f - 3 = 5, 4*b - 4*f - j = 0. Determine x(b).
19
Let t(b) = 2*b**2 - 4*b - 1. Let h be 1/((-1 - 1)/12). Let o be (-3 - h)*1 + -28. Let c = 28 + o. What is t(c)?
5
Let r(t) = -5*t - 2. Suppose -285*u + 42 = -291*u. Calculate r(u).
33
Suppose 4*t + 65 = -9*t. Let b(k) = -k**2 - 5*k + 1. What is b(t)?
1
Let i(s) = -s**3 + 6*s**2 - 6*s - 6. Suppose 2*y - 4*w + 18 = -y, -2*y - 5*w = -11. Let l be 65/(-9) + (-18)/(-81). Let r = y - l. Give i(r).
-11
Let h(u) = -3*u**2 + 4*u - 6. Let g(y) = 2*y**2 - 3*y + 5. Let j(s) = -4*g(s) - 3*h(s). Suppose -5*w = 6*q - 3*q - 10, -3*w - 2*q = -5. What is j(w)?
23
Suppose 0*x = x - 3. Suppose x*l + 29 = -4*b, b - 3*b = -2*l + 4. Let h(a) = 3 + 0 + 6*a - 3*a + 0. Calculate h(l).
-6
Suppose -2*w + 5*w - 5 = -5*n, 4*w - 5*n = -40. Let o be w/(15/(-24)) - -1. Let z(j) = -j**3 - 3*j - o + 3 + 5*j**2 + 6*j. What is z(5)?
9
Let g(b) be the first derivative of -b**2 + 3*b + 246. Calculate g(5).
-7
Let w(l) = -l**2 - 17*l - 28. Let n be (9/(-12))/(((-9)/60)/(-3)). Let z be w(n). Let v(d) = -2*d**3 + 3*d**2 - d - 2. Determine v(z).
-8
Suppose 5*y = -4*c - 28, -3*c + 0*c + 4*y = -10. Let w(o) be the third derivative of -5*o**4/24 - o**3/6 + 71*o**2. Determine w(c).
9
Let c(d) = d**3 - 3*d**2 - d - 3. Suppose 24*u = 46*u - 88. What is c(u)?
9
Let x be (4*2)/((-5)/(-10)). Let g be -6*((-9)/6 - -1). Suppose g*m - o = -2*o, 5*o + x = m. Let w(r) = 4*r**2 + r - 1. Determine w(m).
4
Let t(y) be the third derivative of -y**5/60 + y**4/12 + 2*y**3/3 + 836*y**2. What is t(-3)?
-11
Let n(g) be the third derivative of g**4/8 - 3*g**3/2 - 47*g**2. Calculate n(9).
18
Let d be 9/(-12) - (-5)/(-20). Let z be 4 - (-1 - 3 - d). Let x(w) = -z + 3 - 3 + 0 + w. Determine x(7).
0
Let x(p) = -5*p - 4. Let h(w) = -w. Let b(n) = 4*h(n) - x(n). Suppose -8 = 3*u - 2. Let s be -6*u/4 - 9. Determine b(s).
-2
Let o(y) = y + 6. Suppose -427 + 437 = -5*l. Give o(l).
4
Let w(c) = -c + 12. Let b = 209 + -196. What is w(b)?
-1
Suppose 2*l - 6 = -4*l. Let m(x) = -5 + l + 5*x - 2*x + 0*x**3 - 6*x**2 - x**3. Give m(-6).
-22
Suppose -10*l - 27 = -l. Let b(w) = 3*w**2 + 5*w + 3. Calculate b(l).
15
Let s = 0 + 3. Let z(l) be the second derivative of -l**3/6 + 3*l**2/2 + 6*l - 12. Give z(s).
0
Let w = -4 - 0. Let k(u) be the second derivative of u**5/20 + 5*u**4/12 + 5*u**3/6 - 2*u**2 - 46*u + 1. Give k(w).
-8
Let g(k) be the first derivative of -1/2*k**2 + 2*k - 9. Determine g(2).
0
Let x be (-120)/9*3/(-2). Let q(s) = -21*s**2 + 11*s - 3*s + x*s**2. Suppose -2 = -z - 5*i, -i = -9*z + 4*z + 36. Give q(z).
7
Suppose -4 = -u + 2. Let w(x) = 3*x**2 - 404*x - 2 + 3 - 2*x**2 - 401*x + 798*x. Give w(u).
-5
Let k(z) = -4 + 5 - 7*z**2 - 3*z + 6*z. Let g(v) = -7*v**2 + 2*v + 1. Let b(f) = 3*g(f) - 2*k(f). Let c be 3/4 - (-19)/76. What is b(c)?
-6
Suppose 13*d - 11*d + 14 = 0. Let r(c) = -4*c - 30. Determine r(d).
-2
Suppose 3*z + 5*j - 67 = 0, 4*z + 2*j = 34 + 32. Let k = z + -18. Let y(f) = -4*f**2 + 1 + 2 - 4 - f**3. Calculate y(k).
-1
Let l(n) = n**2 - 14*n + 19. Let i be (-8 + 114/12)*(-52)/(-6). Suppose z - 19 = -3*x, -2*z - i = -2*x - 35. Determine l(z).
6
Suppose 7*t - 3*t - 36 = 0. Suppose -u = -0*u - 4*s + t, -2*u - 5*s = -21. Suppose 10 = -u*r + 4. Let y(j) = 4*j - 1. Determine y(r).
-9
Let v(c) = 2*c**3 - c**2 + 2*c - 5. Let r be (2 - 1)/((-5)/25). Let w(d) = -d**3 + d**2 - 3*d + 6. Let q(j) = r*v(j) - 4*w(j). Calculate q(-1).
6
Suppose 0 = c + 9*c - 50. Let q(a) = 3*a**2 - 2*a - 8. Let f(n) = -7*n**2 + 3*n + 17. Let r(u) = -2*f(u) - 5*q(u). Give r(c).
1
Let j be (-12 - (-4)/1)/2. Let m be -14 - -14 - j/(-2). Let a(p) = -p + p**3 - p**2 - p + 4*p + 3*p**2. Determine a(m).
-4
Let s(h) = 4*h + 6. Let r be (2/(-6))/(3/27). Determine s(r).
-6
Let k(h) = 5*h**2 + 7*h + 7. Let z(a) = -3*a**2 - 5*a - 5. Let w(v) = 5*k(v) + 8*z(v). Calculate w(6).
1
Suppose 0 = -5*y - 4*b + 44 + 1, 0 = 4*y - b - 36. Suppose 12 - 75 = y*n. Let s(j) = j**2 + 6*j - 8. What is s(n)?
-1
Suppose -3 = -3*g + 2*g + w, -2 = -w. Suppose g + 2 = l. Let u(m) = -m**2 + 5*m + 9. What is u(l)?
-5
Let v(y) = 2*y**2 - y - 1. Let f(d) = -d**2 + 5*d + 35. Let a be f(9). Determine v(a).
2
Let h(o) = o**2 - 4*o - 1. Suppose -3*z + 39 = 6. Suppose -z = -3*w - 2*n, 3*w + 4*n - 13 = -0*n. Determine h(w).
-4
Let o(s) be the second derivative of -s**3/3 + 13*s**2 - 324*s. Calculate o(11).
4
Let i(k) = -33*k + 28. Let r(n) = 15*n - 15. Let w(y) = -4*i(y) - 9*r(y). What is w(12)?
-13
Suppose -2*p - p = -5*c + 119, -2*c + 3*p + 53 = 0. Let t = c - 22. Let r(o) = -o**2 - o - 5. Determine r(t).
-5
Suppose -5*s + 6 = -0*b - 3*b, 0 = 5*b - 2*s - 9. Suppose -u + 5 = g, 0 = -3*u - g - b*g + 11. Suppose u*o - 15 = 4*o. Let z(n) = n**2 - 4*n - 1. Give z(o).
-4
Let n = -2 + 3. Let r 